{"id":2221,"date":"2026-06-11T07:52:34","date_gmt":"2026-06-11T07:52:34","guid":{"rendered":"https:\/\/llenyagraugarcia.es\/aviso-legal\/"},"modified":"2026-07-16T10:08:06","modified_gmt":"2026-07-16T10:08:06","slug":"aviso-legal","status":"publish","type":"page","link":"https:\/\/llenyagraugarcia.es\/es\/aviso-legal\/","title":{"rendered":"Aviso Legal"},"content":{"rendered":"\t\t<div data-elementor-type=\"wp-page\" data-elementor-id=\"2221\" class=\"elementor elementor-2221 elementor-1592\" data-elementor-post-type=\"page\">\n\t\t\t\t<div class=\"e-con-with-custom-width elementor-element elementor-element-f176680 e-flex e-con-boxed sc_layouts_column_icons_position_left e-con e-parent\" data-id=\"f176680\" data-element_type=\"container\" data-e-type=\"container\">\n\t\t\t\t\t<div class=\"e-con-inner\">\n\t\t\t\t<div class=\"elementor-element elementor-element-95a9f12 sc_fly_static elementor-widget elementor-widget-heading\" data-id=\"95a9f12\" data-element_type=\"widget\" data-e-type=\"widget\" data-widget_type=\"heading.default\">\n\t\t\t\t\t<h2 class=\"elementor-heading-title elementor-size-default\">AVISO LEGAL<\/h2>\t\t\t\t<\/div>\n\t\t\t\t<div class=\"elementor-element elementor-element-7fee790 sc_fly_static elementor-widget elementor-widget-text-editor\" data-id=\"7fee790\" data-element_type=\"widget\" data-e-type=\"widget\" data-widget_type=\"text-editor.default\">\n\t\t\t\t\t\t\t\t\t<h2>1. Finalidad de la P\u00e1gina Web<\/h2>\n<p class=\"isSelectedEnd\">La finalidad de la presente p\u00e1gina web es publicitar informaci\u00f3n sobre los servicios de venta y reparto de le\u00f1a a domicilio, as\u00ed como otros productos relacionados con la calefacci\u00f3n y combustibles s\u00f3lidos, ofrecidos por Albert Grau Mata.<\/p>\n<p class=\"isSelectedEnd\">El presente aviso legal, en adelante, el \u00abAviso Legal\u00bb, regula el uso del sitio web titularidad de:<\/p>\n<p><strong>Albert Grau Mata<\/strong><br\/><strong>NIF:<\/strong> 79276284E<br\/><strong>Domicilio:<\/strong> Carrer del Mig 11, 08282 L\u2019Astor, Pujalt, Barcelona, Espa\u00f1a<br\/><strong>Tel\u00e9fono:<\/strong> 660 03 21 34<\/p>\t\t\t\t\t\t\t\t<\/div>\n\t\t\t\t<div class=\"elementor-element elementor-element-8ead993 elementor-widget-divider--view-line sc_fly_static elementor-widget elementor-widget-divider\" data-id=\"8ead993\" data-element_type=\"widget\" data-e-type=\"widget\" data-widget_type=\"divider.default\">\n\t\t\t\t\t\t\t<div class=\"elementor-divider\">\n\t\t\t<span class=\"elementor-divider-separator\">\n\t\t\t\t\t\t<\/span>\n\t\t<\/div>\n\t\t\t\t\t\t<\/div>\n\t\t\t\t<div class=\"elementor-element elementor-element-8e2ee1a sc_fly_static elementor-widget elementor-widget-text-editor\" data-id=\"8e2ee1a\" data-element_type=\"widget\" data-e-type=\"widget\" data-widget_type=\"text-editor.default\">\n\t\t\t\t\t\t\t\t\t<h2>2. Legislaci\u00f3n<\/h2>\n<p>Con car\u00e1cter general, las relaciones entre Albert Grau Mata y los Usuarios de sus servicios telem\u00e1ticos, presentes en este sitio web, se encuentran sometidas a la legislaci\u00f3n y jurisdicci\u00f3n espa\u00f1olas.<\/p>\t\t\t\t\t\t\t\t<\/div>\n\t\t\t\t<div class=\"elementor-element elementor-element-5e750f8 elementor-widget-divider--view-line sc_fly_static elementor-widget elementor-widget-divider\" data-id=\"5e750f8\" data-element_type=\"widget\" data-e-type=\"widget\" data-widget_type=\"divider.default\">\n\t\t\t\t\t\t\t<div class=\"elementor-divider\">\n\t\t\t<span class=\"elementor-divider-separator\">\n\t\t\t\t\t\t<\/span>\n\t\t<\/div>\n\t\t\t\t\t\t<\/div>\n\t\t\t\t<div class=\"elementor-element elementor-element-3f7515c sc_fly_static elementor-widget elementor-widget-text-editor\" data-id=\"3f7515c\" data-element_type=\"widget\" data-e-type=\"widget\" data-widget_type=\"text-editor.default\">\n\t\t\t\t\t\t\t\t\t<h2>3. Uso y Acceso de los Usuarios<\/h2>\n<p class=\"isSelectedEnd\">El Usuario queda informado, y acepta, que el acceso a la presente web no supone, en ning\u00fan caso, el inicio de una relaci\u00f3n comercial con Albert Grau Mata.<\/p>\n<p>La utilizaci\u00f3n del sitio web atribuye la condici\u00f3n de Usuario e implica la aceptaci\u00f3n plena y sin reservas de todas y cada una de las disposiciones incluidas en este Aviso Legal.<\/p>\t\t\t\t\t\t\t\t<\/div>\n\t\t\t\t<div class=\"elementor-element elementor-element-9fcdb7f elementor-widget-divider--view-line sc_fly_static elementor-widget elementor-widget-divider\" data-id=\"9fcdb7f\" data-element_type=\"widget\" data-e-type=\"widget\" data-widget_type=\"divider.default\">\n\t\t\t\t\t\t\t<div class=\"elementor-divider\">\n\t\t\t<span class=\"elementor-divider-separator\">\n\t\t\t\t\t\t<\/span>\n\t\t<\/div>\n\t\t\t\t\t\t<\/div>\n\t\t\t\t<div class=\"elementor-element elementor-element-418ebc6 sc_fly_static elementor-widget elementor-widget-text-editor\" data-id=\"418ebc6\" data-element_type=\"widget\" data-e-type=\"widget\" data-widget_type=\"text-editor.default\">\n\t\t\t\t\t\t\t\t\t<h2>4. Propiedad Intelectual e Industrial<\/h2>\n<p class=\"isSelectedEnd\">Los derechos de propiedad intelectual del contenido de las p\u00e1ginas web, su dise\u00f1o gr\u00e1fico, textos, im\u00e1genes, logotipos, iconos, c\u00f3digo fuente y otros elementos que forman parte del sitio web son titularidad de Albert Grau Mata o, en su caso, de terceros que han autorizado su uso.<\/p>\n<p class=\"isSelectedEnd\">Queda prohibida la reproducci\u00f3n, distribuci\u00f3n, comunicaci\u00f3n p\u00fablica, transformaci\u00f3n o cualquier otra actividad que se pueda realizar con los contenidos de esta p\u00e1gina web, salvo consentimiento previo y por escrito de Albert Grau Mata.<\/p>\n<p>El Usuario se compromete a respetar los derechos de propiedad intelectual e industrial titularidad de Albert Grau Mata y de terceros.<\/p>\t\t\t\t\t\t\t\t<\/div>\n\t\t\t\t<div class=\"elementor-element elementor-element-a6ce651 elementor-widget-divider--view-line sc_fly_static elementor-widget elementor-widget-divider\" data-id=\"a6ce651\" data-element_type=\"widget\" data-e-type=\"widget\" data-widget_type=\"divider.default\">\n\t\t\t\t\t\t\t<div class=\"elementor-divider\">\n\t\t\t<span class=\"elementor-divider-separator\">\n\t\t\t\t\t\t<\/span>\n\t\t<\/div>\n\t\t\t\t\t\t<\/div>\n\t\t\t\t<div class=\"elementor-element elementor-element-6884119 sc_fly_static elementor-widget elementor-widget-text-editor\" data-id=\"6884119\" data-element_type=\"widget\" data-e-type=\"widget\" data-widget_type=\"text-editor.default\">\n\t\t\t\t\t\t\t\t\t<h2>5. Contenido de la Web y Enlaces (Links)<\/h2>\n<p class=\"isSelectedEnd\">Albert Grau Mata se reserva el derecho de actualizar, modificar o eliminar la informaci\u00f3n contenida en sus p\u00e1ginas web, pudiendo incluso limitar o no permitir el acceso a dicha informaci\u00f3n a determinados usuarios.<\/p>\n<p>Albert Grau Mata no asume responsabilidad alguna por la informaci\u00f3n contenida en p\u00e1ginas web de terceros a las que se pueda acceder mediante \u00ablinks\u00bb o enlaces desde cualquier p\u00e1gina web propiedad de Albert Grau Mata. La presencia de \u00ablinks\u00bb o enlaces en las p\u00e1ginas web de Albert Grau Mata tiene una finalidad meramente informativa y en ning\u00fan caso supone sugerencia, invitaci\u00f3n o recomendaci\u00f3n sobre los mismos. <\/p>\t\t\t\t\t\t\t\t<\/div>\n\t\t\t\t<div class=\"elementor-element elementor-element-55fa671 elementor-widget-divider--view-line sc_fly_static elementor-widget elementor-widget-divider\" data-id=\"55fa671\" data-element_type=\"widget\" data-e-type=\"widget\" data-widget_type=\"divider.default\">\n\t\t\t\t\t\t\t<div class=\"elementor-divider\">\n\t\t\t<span class=\"elementor-divider-separator\">\n\t\t\t\t\t\t<\/span>\n\t\t<\/div>\n\t\t\t\t\t\t<\/div>\n\t\t\t\t\t<\/div>\n\t\t\t\t<\/div>\n\t\t\t\t<\/div>\n\t\t","protected":false},"excerpt":{"rendered":"<p>AVISO LEGAL 1. Finalidad de la P\u00e1gina Web La finalidad de la presente&hellip;<\/p>\n","protected":false},"author":1,"featured_media":0,"parent":0,"menu_order":0,"comment_status":"closed","ping_status":"closed","template":"","meta":{"footnotes":""},"class_list":["post-2221","page","type-page","status-publish","hentry"],"_links":{"self":[{"href":"https:\/\/llenyagraugarcia.es\/es\/wp-json\/wp\/v2\/pages\/2221","targetHints":{"allow":["GET"]}}],"collection":[{"href":"https:\/\/llenyagraugarcia.es\/es\/wp-json\/wp\/v2\/pages"}],"about":[{"href":"https:\/\/llenyagraugarcia.es\/es\/wp-json\/wp\/v2\/types\/page"}],"author":[{"embeddable":true,"href":"https:\/\/llenyagraugarcia.es\/es\/wp-json\/wp\/v2\/users\/1"}],"replies":[{"embeddable":true,"href":"https:\/\/llenyagraugarcia.es\/es\/wp-json\/wp\/v2\/comments?post=2221"}],"version-history":[{"count":1,"href":"https:\/\/llenyagraugarcia.es\/es\/wp-json\/wp\/v2\/pages\/2221\/revisions"}],"predecessor-version":[{"id":2222,"href":"https:\/\/llenyagraugarcia.es\/es\/wp-json\/wp\/v2\/pages\/2221\/revisions\/2222"}],"wp:attachment":[{"href":"https:\/\/llenyagraugarcia.es\/es\/wp-json\/wp\/v2\/media?parent=2221"}],"curies":[{"name":"wp","href":"https:\/\/api.w.org\/{rel}","templated":true}]}}

<div data-elementor-type="wp-page" data-elementor-id="2221" class="elementor elementor-2221 elementor-1592" data-elementor-post-type="page">
				<div class="e-con-with-custom-width elementor-element elementor-element-f176680 e-flex e-con-boxed sc_layouts_column_icons_position_left e-con e-parent" data-id="f176680" data-element_type="container" data-e-type="container">
					<div class="e-con-inner">
				<div class="elementor-element elementor-element-95a9f12 sc_fly_static elementor-widget elementor-widget-heading" data-id="95a9f12" data-element_type="widget" data-e-type="widget" data-widget_type="heading.default">
					<h2 class="elementor-heading-title elementor-size-default">AVISO LEGAL</h2>				</div>
				<div class="elementor-element elementor-element-7fee790 sc_fly_static elementor-widget elementor-widget-text-editor" data-id="7fee790" data-element_type="widget" data-e-type="widget" data-widget_type="text-editor.default">
									<h2>1. Finalidad de la Página Web</h2>
<p class="isSelectedEnd">La finalidad de la presente página web es publicitar información sobre los servicios de venta y reparto de leña a domicilio, así como otros productos relacionados con la calefacción y combustibles sólidos, ofrecidos por Albert Grau Mata.</p>
<p class="isSelectedEnd">El presente aviso legal, en adelante, el «Aviso Legal», regula el uso del sitio web titularidad de:</p>
<p><strong>Albert Grau Mata</strong><br/><strong>NIF:</strong> 79276284E<br/><strong>Domicilio:</strong> Carrer del Mig 11, 08282 L’Astor, Pujalt, Barcelona, España<br/><strong>Teléfono:</strong> 660 03 21 34</p>								</div>
				<div class="elementor-element elementor-element-8ead993 elementor-widget-divider--view-line sc_fly_static elementor-widget elementor-widget-divider" data-id="8ead993" data-element_type="widget" data-e-type="widget" data-widget_type="divider.default">
							<div class="elementor-divider">
			<span class="elementor-divider-separator">
						</span>
		</div>
						</div>
				<div class="elementor-element elementor-element-8e2ee1a sc_fly_static elementor-widget elementor-widget-text-editor" data-id="8e2ee1a" data-element_type="widget" data-e-type="widget" data-widget_type="text-editor.default">
									<h2>2. Legislación</h2>
<p>Con carácter general, las relaciones entre Albert Grau Mata y los Usuarios de sus servicios telemáticos, presentes en este sitio web, se encuentran sometidas a la legislación y jurisdicción españolas.</p>								</div>
				<div class="elementor-element elementor-element-5e750f8 elementor-widget-divider--view-line sc_fly_static elementor-widget elementor-widget-divider" data-id="5e750f8" data-element_type="widget" data-e-type="widget" data-widget_type="divider.default">
							<div class="elementor-divider">
			<span class="elementor-divider-separator">
						</span>
		</div>
						</div>
				<div class="elementor-element elementor-element-3f7515c sc_fly_static elementor-widget elementor-widget-text-editor" data-id="3f7515c" data-element_type="widget" data-e-type="widget" data-widget_type="text-editor.default">
									<h2>3. Uso y Acceso de los Usuarios</h2>
<p class="isSelectedEnd">El Usuario queda informado, y acepta, que el acceso a la presente web no supone, en ningún caso, el inicio de una relación comercial con Albert Grau Mata.</p>
<p>La utilización del sitio web atribuye la condición de Usuario e implica la aceptación plena y sin reservas de todas y cada una de las disposiciones incluidas en este Aviso Legal.</p>								</div>
				<div class="elementor-element elementor-element-9fcdb7f elementor-widget-divider--view-line sc_fly_static elementor-widget elementor-widget-divider" data-id="9fcdb7f" data-element_type="widget" data-e-type="widget" data-widget_type="divider.default">
							<div class="elementor-divider">
			<span class="elementor-divider-separator">
						</span>
		</div>
						</div>
				<div class="elementor-element elementor-element-418ebc6 sc_fly_static elementor-widget elementor-widget-text-editor" data-id="418ebc6" data-element_type="widget" data-e-type="widget" data-widget_type="text-editor.default">
									<h2>4. Propiedad Intelectual e Industrial</h2>
<p class="isSelectedEnd">Los derechos de propiedad intelectual del contenido de las páginas web, su diseño gráfico, textos, imágenes, logotipos, iconos, código fuente y otros elementos que forman parte del sitio web son titularidad de Albert Grau Mata o, en su caso, de terceros que han autorizado su uso.</p>
<p class="isSelectedEnd">Queda prohibida la reproducción, distribución, comunicación pública, transformación o cualquier otra actividad que se pueda realizar con los contenidos de esta página web, salvo consentimiento previo y por escrito de Albert Grau Mata.</p>
<p>El Usuario se compromete a respetar los derechos de propiedad intelectual e industrial titularidad de Albert Grau Mata y de terceros.</p>								</div>
				<div class="elementor-element elementor-element-a6ce651 elementor-widget-divider--view-line sc_fly_static elementor-widget elementor-widget-divider" data-id="a6ce651" data-element_type="widget" data-e-type="widget" data-widget_type="divider.default">
							<div class="elementor-divider">
			<span class="elementor-divider-separator">
						</span>
		</div>
						</div>
				<div class="elementor-element elementor-element-6884119 sc_fly_static elementor-widget elementor-widget-text-editor" data-id="6884119" data-element_type="widget" data-e-type="widget" data-widget_type="text-editor.default">
									<h2>5. Contenido de la Web y Enlaces (Links)</h2>
<p class="isSelectedEnd">Albert Grau Mata se reserva el derecho de actualizar, modificar o eliminar la información contenida en sus páginas web, pudiendo incluso limitar o no permitir el acceso a dicha información a determinados usuarios.</p>
<p>Albert Grau Mata no asume responsabilidad alguna por la información contenida en páginas web de terceros a las que se pueda acceder mediante «links» o enlaces desde cualquier página web propiedad de Albert Grau Mata. La presencia de «links» o enlaces en las páginas web de Albert Grau Mata tiene una finalidad meramente informativa y en ningún caso supone sugerencia, invitación o recomendación sobre los mismos. </p>								</div>
				<div class="elementor-element elementor-element-55fa671 elementor-widget-divider--view-line sc_fly_static elementor-widget elementor-widget-divider" data-id="55fa671" data-element_type="widget" data-e-type="widget" data-widget_type="divider.default">
							<div class="elementor-divider">
			<span class="elementor-divider-separator">
						</span>
		</div>
						</div>
					</div>
				</div>
				</div>

<p>AVISO LEGAL 1. Finalidad de la Página Web La finalidad de la presente&hellip;</p>
